12) to base 10.
1689
What is -333020 (base 5) in base 10?
-11635
1b24 (base 16) to base 2
1101100100100
-28752 (base 9) to base 5
-1111233
382a (base 13) to base 10
7979
Convert 110101101 (base 2) to base 12.
2b9
Convert 4154 (base 15) to base 5.
420204
-47211 (base 8) to base 13
-91c7
-37160 (base 8) to base 11
-11011
1ab01 (base 13) to base 9
78772
11033223 (base 4) to base 7
116430
Convert -1736 (base 10) to base 8.
-3310
Convert -4211 (base 5) to base 11.
-466
What is -3664 (base 7) in base 8?
-2531
-1467 (base 13) to base 9
-4046
561 (base 13) to base 5
12144
-ba6 (base 14) to base 16
-8fe
b548 (base 12) to base 4
10311020
-12125 (base 6) to base 12
-1045
Convert -25675 (base 9) to base 14.
-6453
What is 2b16 (base 12) in base 10?
5058
What is 3103232 (base 4) in base 12?
7a12
What is -2a1 (base 12) in base 15?
-1c4
Convert -18071 (base 14) to base 9.
-101845
What is 106434 (base 9) in base 3?
10020111011
Convert -314142 (base 5) to base 11.
-7a19
Convert -478 (base 10) to base 14.
-262
-2e31 (base 15) to base 2
-10011011011010
Convert -110010100101 (base 2) to base 13.
-1620
306d (base 14) to base 5
231304
-1306 (base 8) to base 5
-10320
Convert 3012232 (base 4) to base 14.
48c6
What is -422334 (base 6) in base 5?
-2044013
Convert 1bc (base 16) to base 6.
2020
Convert 10186 (base 9) to base 2.
1101001000000
What is 3211 (base 5) in base 9?
528
112 (base 7) to base 2
111010
What is -1100100011100001 (base 2) in base 14?
-14a53
110002212 (base 3) to base 13
402b
-98 (base 14) to base 15
-8e
Convert -175 (base 16) to base 6.
-1421
Convert 55552 (base 6) to base 9.
11585
Convert -20102101 (base 3) to base 2.
-1001001001001
Convert 23120333 (base 4) to base 13.
1830b
-5763 (base 8) to base 9
-4168
-52441 (base 8) to base 13
-9bc5
What is 5b63 (base 13) in base 2?
11001001111101
Convert 135 (base 6) to base 3.
2012
What is -111101110 (base 2) in base 5?
-3434
1101001 (base 4) to base 5
131220
Convert 344 (base 7) to base 3.
20122
1ca6 (base 16) to base 14
295c
What is -24021 (base 5) in base 2?
-11011100001
Convert 17526 (base 8) to base 4.
1331112
-1100000001 (base 2) to base 6
-3321
-211111 (base 4) to base 12
-1471
Convert 8717 (base 10) to base 2.
10001000001101
Convert -f25 (base 16) to base 6.
-25541
Convert -7881 (base 14) to base 8.
-50631
Convert -580 (base 9) to base 3.
-122200
What is -1035232 (base 6) in base 16?
-ca04
Convert -3476 (base 8) to base 15.
-839
What is -15bba (base 13) in base 8?
-121126
-758 (base 16) to base 13
-b18
Convert 3322 (base 6) to base 13.
473
Convert 4210 (base 5) to base 15.
270
-2214 (base 6) to base 11
-428
What is -54bb (base 14) in base 5?
-432134
17 (base 10) to base 11
16
Convert -23531 (base 13) to base 4.
-33301112
2400 (base 7) to base 5
12012
-10001 (base 3) to base 8
-122
Convert 1862 (base 9) to base 5.
21213
What is -1440033 (base 5) in base 14?
-b24b
What is 323321 (base 4) in base 7?
14114
Convert -11010 (base 4) to base 5.
-2244
What is 12101 (base 7) in base 15?
de2
Convert -1000010010 (base 2) to base 11.
-442
What is -245 (base 11) in base 6?
-1203
-30505 (base 7) to base 3
-101020001
200 (base 11) to base 7
464
15a24 (base 12) to base 11
211a0
Convert -716 (base 10) to base 13.
-431
-1001000110100 (base 2) to base 3
-20101121
-423030 (base 5) to base 12
-8224
Convert aa6 (base 15) to base 16.
966
-23577 (base 8) to base 14
-3983
What is 510 (base 9) in base 14?
218
3087 (base 16) to base 4
3002013
What is 7954 (base 10) in base 9?
11817
Convert -36472 (base 8) to base 10.
-15674
What is -145153 (base 8) in base 16?
-ca6b
-1cdc (base 16) to base 9
-11118
Convert -653 (base 7) to base 2.
-101001100
Convert 18bc (base 15) to base 11.
4026
-249 (base 11) to base 14
-171
477 (base 13) to base 11
644
What is -2312 (base 7) in base 13?
-4ca
What is -7307 (base 8) in base 2?
-111011000111
Convert 434 (base 12) to base 6.
2504
What is 476c (base 16) in base 3?
221002012
Convert 6c2 (base 15) to base 2.
10111111100
1021221211 (base 3) to base 5
1303413
-5361 (base 7) to base 12
-1129
Convert -25435 (base 6) to base 3.
-12021012
Convert -a34 (base 11) to base 8.
-2337
What is 40443 (base 5) in base 3?
10121011
What is 301223 (base 4) in base 15?
e1e
What is 11111100100 (base 2) in base 13?
bc5
-2223220 (base 4) to base 10
-10984
What is 321 (base 13) in base 15?
259
What is 101101110110000 (base 2) in base 12?
11700
Convert 1222114 (base 6) to base 15.
1451d
-101011010100 (base 2) to base 12
-1730
-563 (base 9) to base 16
-1ce
Convert 1834 (base 11) to base 7.
6545
What is -596 (base 11) in base 14?
-38a
What is -432 (base 7) in base 16?
-db
-6c (base 15) to base 10
-102
What is 39262 (base 11) in base 9?
85087
Convert -1011001010 (base 2) to base 15.
-329
ff (base 16) to base 9
313
Convert -2a16 (base 12) to base 14.
-1b10
2745 (base 14) to base 9
10440
428a (base 11) to base 7
22341
-2634 (base 9) to base 10
-1975
What is d7d (base 14) in base 15?
bc4
23202 (base 7) to base 8
13453
What is 1000100000100011 (base 2) in base 13?
12b2b
Convert 2122142 (base 5) to base 14.
d13c
What is -31b4 (base 15) in base 8?
-24427
-4554 (base 6) to base 5
-13303
110212111 (base 3) to base 15
2ba7
-990 (base 11) to base 13
-705
Convert -22531 (base 7) to base 12.
-33b7
21000 (base 3) to base 13
117
78 (base 12) to base 13
71
689 (base 12) to base 13
597
Convert 17376 (base 8) to base 6.
100422
3551 (base 7) to base 6
10022
Convert 2333 (base 5) to base 3.
110201
32d9 (base 15) to base 13
4ba2
Convert 1a3 (base 12) to base 3.
100220
What is 11233 (base 5) in base 12?
582
Convert -2331 (base 4) to base 15.
-c9
What is -3777 (base 13) in base 9?
-11716
-6903 (base 15) to base 4
-11130012
2876 (base 14) to base 6
53052
-3216 (base 15) to base 8
-24544
-533 (base 9) to base 10
-435
Convert 2013032 (base 4) to base 3.
102212112
What is 67 (base 10) in base 3?
2111
What is 111010010011 (base 2) in base 13?
1910
73881 (base 10) to base 8
220231
Convert 14042 (base 6) to base 10.
2186
What is -16544 (base 7) in base 13?
-2204
Convert -810 (base 10) to base 9.
-1100
What is -2202101120 (base 3) in base 11?
-37821
Convert -1213001 (base 4) to base 7.
-25136
Convert -2075 (base 13) to base 14.
-18ca
100111110 (base 2) to base 12
226
What is 4431 (base 8) in base 14?
bc5
What is -1001000010010 (base 2) in base 10?
-4626
What is -ed9 (base 15) in base 6?
-23310
6f58 (base 16) to base 12
145b4
33523 (base 7) to base 15
27b4
-1010110101010001 (base 2) to base 3
-2020212022
Convert -10001101111000010 (base 2) to base 9.
-120573
-11486 (base 11) to base 15
-4d85
What is -10110010 (base 2) in base 13?
-109
What is -11a50 (base 12) in base 2?
-101110110011100
-2144 (base 8) to base 3
-1112122
Convert 9298 (base 12) to base 10.
15956
What is 3629 (base 13) in base 16?
1dd8
-1d34 (base 16) to base 5
-214401
Convert -101001001100111 (base 2) to base 9.
-31838
1c6 (base 13) to base 10
331
Convert -114201 (base 7) to base 8.
-50307
Convert 53d (base 14) to base 12.
723
What is b4 (base 14) in base 15?
a8
What is -3226 (base 7) in base 2?
-10001111011
-1000000100 (base 2) to base 13
-309
What is 1100000001111 (base 2) in base 5?
144114
Convert a5c (base 16) to base 5.
41102
Convert -63b (base 14) to base 7.
-3404
What is 1b91 (base 13) in base 14?
1742
Convert 295 (base 11) to base 15.
181
What is -100202322 (base 4) in base 10?
-67770
29a (base 11) to base 8
537
-2327 (base 11) to base 5
-44204
What is 6113 (base 10) in base 7?
23552
Convert 102636 (base 7) to base 11.
12425
Convert -2102 (base 5) to base 7.
-544
-100010010000111 (base 2) to base 8
-42207
-240011 (base 5) to base 3
-110000022
Convert 2699 (base 11) to base 10.
3496
Convert -100201 (base 3) to base 4.
-10012
What is -32330023 (base 4) in base 6?
-1151151
10 (base 16) to base 7
22
What is 111101000101 (base 2) in base 6?
30033
-20688 (base 11) to base 3
-1112021222
Convert 690 (base 14) to base 15.
5bc
What is -10114 (base 5) in base 8?
-1223
-7343 (base 12) to base 3
-122020220
What is 86b4 (base 12) in base 6?
152344
Convert -11101010010011 (base 2) to base 10.
-14995
Convert -11011021 (base 3) to base 2.
-101111010111
What is -75832 (base 9) in base 5?
-3101444
-3173 (base 10) to base 13
-15a1
-dd9e (base 16) to base 15
-11c24
Convert -26ad (base 15) to base 2.
